the prime factors of 1819317.
3, 457, 1327
What are the prime factors of 153816?
2, 3, 13, 17, 29
What are the prime factors of 8651700?
2, 3, 5, 9613
List the prime factors of 465165.
3, 5, 10337
List the prime factors of 429401.
7, 61343
What are the prime factors of 915654?
2, 3, 17, 47, 191
What are the prime factors of 529746?
2, 3, 7, 12613
What are the prime factors of 405894?
2, 3, 61, 1109
What are the prime factors of 14358038?
2, 7179019
What are the prime factors of 1349574?
2, 3, 224929
List the prime factors of 8260.
2, 5, 7, 59
List the prime factors of 179853.
3, 59951
What are the prime factors of 5873771?
293, 20047
What are the prime factors of 4906804?
2, 7, 31, 5653
What are the prime factors of 600965?
5, 120193
List the prime factors of 584830.
2, 5, 233, 251
List the prime factors of 1095420.
2, 3, 5, 18257
What are the prime factors of 843556?
2, 7, 47, 641
List the prime factors of 2024.
2, 11, 23
List the prime factors of 387115.
5, 139, 557
What are the prime factors of 1632850?
2, 5, 17, 113
What are the prime factors of 82493?
82493
List the prime factors of 100925.
5, 11, 367
List the prime factors of 70178.
2, 35089
What are the prime factors of 22339559?
11, 613, 3313
List the prime factors of 195899.
11, 1619
What are the prime factors of 12969739?
12969739
List the prime factors of 219325.
5, 31, 283
What are the prime factors of 248293?
248293
List the prime factors of 1174386.
2, 3, 195731
What are the prime factors of 1778372?
2, 283, 1571
What are the prime factors of 137239?
137239
List the prime factors of 12157865.
5, 2431573
List the prime factors of 2451.
3, 19, 43
List the prime factors of 230985.
3, 5, 29, 59
What are the prime factors of 1295592?
2, 3, 37, 1459
What are the prime factors of 12175745?
5, 2435149
What are the prime factors of 186778?
2, 47, 1987
What are the prime factors of 366392?
2, 13, 271
List the prime factors of 1052351.
17, 103, 601
What are the prime factors of 225532?
2, 56383
List the prime factors of 5344513.
43, 124291
What are the prime factors of 14287941?
3, 529183
What are the prime factors of 169794?
2, 3, 9433
What are the prime factors of 5836964?
2, 7, 208463
List the prime factors of 2846963.
7, 23, 17683
What are the prime factors of 1734140?
2, 5, 31, 2797
What are the prime factors of 1729770?
2, 3, 5, 7, 8237
List the prime factors of 444128.
2, 13879
What are the prime factors of 268476?
2, 3, 13, 1721
List the prime factors of 7334.
2, 19, 193
What are the prime factors of 843276?
2, 3, 7, 10039
What are the prime factors of 1676464?
2, 104779
What are the prime factors of 36580?
2, 5, 31, 59
What are the prime factors of 373458?
2, 3, 67, 929
List the prime factors of 3202261.
97, 33013
What are the prime factors of 1022012?
2, 255503
What are the prime factors of 16968060?
2, 3, 5, 107, 881
List the prime factors of 19302268.
2, 911, 5297
What are the prime factors of 173998?
2, 11, 719
What are the prime factors of 378290?
2, 5, 11, 19, 181
What are the prime factors of 2197105?
5, 439421
List the prime factors of 7612676.
2, 37, 51437
What are the prime factors of 7269614?
2, 11, 61, 5417
What are the prime factors of 1525611?
3, 149, 3413
List the prime factors of 180858.
2, 3, 43, 701
What are the prime factors of 26922?
2, 3, 7, 641
What are the prime factors of 347196?
2, 3, 28933
What are the prime factors of 8971392?
2, 3, 61, 383
What are the prime factors of 9269333?
9269333
List the prime factors of 517019.
101, 5119
What are the prime factors of 230272?
2, 7, 257
What are the prime factors of 4189171?
7, 359, 1667
What are the prime factors of 2292676?
2, 307, 1867
List the prime factors of 665943.
3, 47, 4723
What are the prime factors of 1300861?
127, 10243
List the prime factors of 464919.
3, 7, 13, 131
What are the prime factors of 1243555?
5, 73, 3407
List the prime factors of 1503112.
2, 13, 97, 149
What are the prime factors of 22868371?
23, 149, 6673
What are the prime factors of 107963?
107, 1009
List the prime factors of 758709.
3, 7, 12043
What are the prime factors of 15234860?
2, 5, 29, 26267
What are the prime factors of 560974?
2, 280487
What are the prime factors of 348105?
3, 5, 23, 1009
What are the prime factors of 13462333?
163, 82591
List the prime factors of 2808760.
2, 5, 23, 43, 71
What are the prime factors of 318566?
2, 47, 3389
List the prime factors of 1059699.
3, 59, 5987
List the prime factors of 1334644.
2, 23, 89, 163
List the prime factors of 1118063.
1118063
What are the prime factors of 2929347?
3, 167, 1949
What are the prime factors of 24155204?
2, 1459, 4139
List the prime factors of 3221189.
3221189
List the prime factors of 556620.
2, 3, 5, 9277
List the prime factors of 1057772.
2, 264443
What are the prime factors of 186219?
3, 11, 19
List the prime factors of 458894.
2, 199, 1153
What are the prime factors of 87747?
3, 11, 2659
List the prime factors of 2627667.
3, 7, 13903
List the prime factors of 3023915.
5, 53, 11411
What are the prime factors of 4385368?
2, 13, 149, 283
List the prime factors of 11933113.
23, 518831
What are the prime factors of 749488?
2, 139, 337
List the prime factors of 21065.
5, 11, 383
What are the prime factors of 4099313?
23, 178231
List the prime factors of 16276478.
2, 8138239
List the prime factors of 16089847.
433, 37159
What are the prime factors of 16232206?
2, 8116103
List the prime factors of 7489810.
2, 5, 748981
List the prime factors of 3442574.
2, 919, 1873
List the prime factors of 213027.
3, 17, 4177
List the prime factors of 817501.
31, 26371
List the prime factors of 35213286.
2, 3, 113, 167, 311
What are the prime factors of 17330977?
2957, 5861
List the prime factors of 5162336.
2, 161323
List the prime factors of 84120.
2, 3, 5, 701
List the prime factors of 190111.
17, 53, 211
What are the prime factors of 21457?
43, 499
List the prime factors of 2354248.
2, 13, 22637
What are the prime factors of 2729410?
2, 5, 23, 11867
List the prime factors of 281580.
2, 3, 5, 13, 19
List the prime factors of 456115.
5, 11, 8293
What are the prime factors of 1926237?
3, 642079
List the prime factors of 272034.
2, 3, 7, 17, 127
What are the prime factors of 4258828?
2, 7, 89, 1709
What are the prime factors of 2539866?
2, 3, 7, 53, 163
List the prime factors of 1648586.
2, 61, 13513
What are the prime factors of 1655469?
3, 419, 439
What are the prime factors of 16557360?
2, 3, 5, 19, 3631
What are the prime factors of 15659301?
3, 7, 79, 9439
List the prime factors of 2970333.
3, 330037
List the prime factors of 374119.
17, 59, 373
List the prime factors of 9442230.
2, 3, 5, 7, 44963
What are the prime factors of 190197?
3, 7, 3019
List the prime factors of 16703.
16703
List the prime factors of 235208.
2, 29401
List the prime factors of 954852.
2, 3, 47, 1693
What are the prime factors of 16393127?
16393127
What are the prime factors of 609964?
2, 109, 1399
List the prime factors of 49926.
2, 3, 53, 157
List the prime factors of 132661.
132661
What are the prime factors of 3753760?
2, 5, 29, 809
List the prime factors of 7358277.
3, 2452759
What are the prime factors of 380360?
2, 5, 37, 257
List the prime factors of 759697.
759697
List the prime factors of 29413356.
2, 3, 7, 350159
List the prime factors of 498516.
2, 3, 41543
What are the prime factors of 7867?
7867
List the prime factors of 5313421.
223, 23827
List the prime factors of 3491074.
2, 1745537
List the prime factors of 11992283.
29, 413527
What are the prime factors of 559129?
43, 13003
List the prime factors of 13955783.
13955783
What are the prime factors of 1904445?
3, 5, 14107
List the prime factors of 33897.
3, 11299
What are the prime factors of 1638270?
2, 3, 5, 109, 167
List the prime factors of 56135.
5, 103, 109
What are the prime factors of 48818?
2, 7, 11, 317
List the prime factors of 548927.
548927
What are the prime factors of 16724115?
3, 5, 131, 2837
What are the prime factors of 517685?
5, 7, 2113
List the prime factors of 31821280.
2, 5, 17, 11699
What are the prime factors of 2522659?
2522659
What are the prime factors of 1914578?
2, 957289
What are the prime factors of 31504695?
3, 5, 2100313
List the prime factors of 5121649.
13, 79, 4987
What are the prime factors of 41